-14). Let i be (q - 33/9)*9. Suppose -1841 = -4*p + i*x, -3*p - 5*x + 1051 = -308. Is p a prime number?
False
Let f(a) = -1112*a. Let k = 5 + -2. Let y be f(k). Let q = -1643 - y. Is q prime?
True
Suppose 3*r + 5181 = 2*v - 0*r, -4*r = 4*v - 10392. Let l = v - 4214. Let d = -238 - l. Is d a composite number?
False
Is -6*(-12)/1080 - 2806062/(-45) composite?
True
Let v = 64 - 93. Let n = -25 - v. Is -2 + (n + 407 - 0) a prime number?
True
Suppose 2*u - 6 = -a - 0*a, 0 = 5*a - 5*u. Let k(f) = f**3 + f**2 + f. Let h be k(0). Suppose h = -a*c - 7*c + 1926. Is c a composite number?
True
Suppose 13*z - 75881 = -0*z. Suppose 22*o + z = 35*o. Is o composite?
False
Let x = -293 - -302. Is 6/x - 44882/(-6) a composite number?
False
Let o(b) = -4446*b + 6599. Is o(-29) composite?
False
Let i = 38 + -40. Let b be 6/(60/(-35)) + 1/i. Is (b/6)/(52/(-86658)) a composite number?
True
Let c(h) = 16408*h - 562. Is c(5) a composite number?
True
Suppose 0 = o - 11*o - 80. Is (28/o + 4)/((-1)/(-3898)) a composite number?
False
Let m(a) = -a**3 - 2*a**2 + 6*a + 8. Let r be m(-4). Let h be 1*30*r/40. Is (-2514)/3*(-6)/h a prime number?
True
Let s(m) = -51*m - 105. Let v(x) = -x + 2. Let d(k) = s(k) - 2*v(k). Is d(-12) prime?
True
Let n = 6356 + -3916. Suppose -2*r - k = k - n, r = -4*k + 1223. Is r composite?
True
Let q = 91834 - 63731. Is q composite?
True
Let c(y) = -y**3 + 7*y + 3. Let n be c(0). Is (-40)/30 + 1 + 922/n composite?
False
Let s = -53 + 39. Let y = s + 79. Let f = 96 + y. Is f prime?
False
Suppose 3 = -c + 2*u, 5*c + 5*u + 12 + 3 = 0. Let x be (c/18)/1 - (-5345)/30. Let g = x + 1191. Is g a composite number?
True
Suppose -20*b - 16 = -16*b. Is ((-220)/(-66))/((b/2841)/(-2)) prime?
False
Suppose -4*x + c = -3696, 5*x + 0*c = -2*c + 4633. Suppose -7*s + 1644 = -x. Is s prime?
True
Let z = 403 + -398. Suppose -31*n + 36*n - 18135 = -z*k, -3*n + 12 = 0. Is k a composite number?
False
Suppose -161*v + 102376 = -157*v. Let p = v + -17415. Is p a composite number?
False
Let u(b) = 21*b**2 - 1. Let k(o) = 22*o**2 + o - 1. Let x(v) = -3*k(v) + 4*u(v). Let f(r) = 4*r**3 + r + 1. Let g be f(-1). Is x(g) composite?
True
Let j be 91/(-21) - -4 - (-17)/(-3). Is ((-1117788)/126)/(j/9) a composite number?
True
Let f(i) = 97*i**3 - 5*i - 6. Is f(5) composite?
True
Let o(l) = 6*l**2 + l - 8. Let d(f) = -14*f + 15 + 9*f + 3*f**2 - 16*f**2 + 4*f. Let w(y) = -3*d(y) - 5*o(y). Is w(-6) composite?
False
Let c = 736714 - 494421. Is c a composite number?
True
Let t = 125 + -65. Suppose -t*o + 24245 = -55*o. Is o a prime number?
False
Suppose -20*h + 261891 = -470949. Is (28/(-84))/((-36644)/h - -1) composite?
True
Let m(p) = 6187*p**2 + 2*p - 22 - 6185*p**2 - 23*p. Is m(20) prime?
False
Suppose 2*r + 10*j = 12*j + 8642, 5*r - 21609 = j. Is r a composite number?
True
Let m(n) = n**3 + 48*n**2 - 2*n - 79. Suppose 3*y - 43 = 4*y - i, 4*i = 5*y + 214. Is m(y) prime?
True
Let x be (-7)/(63/(-27))*(7 + -2). Is 20086 + x*6/30 composite?
False
Suppose 1098*t - 1080*t = 3892878. Is t a prime number?
False
Let d(k) be the third derivative of -11*k**6/720 + k**5/10 - 17*k**4/24 - 4*k**2. Let m(j) be the second derivative of d(j). Is m(-5) prime?
True
Let j(d) = -71*d**3 + 3*d**2 - 22*d + 26. Let h be j(5). Let u = -1067 - h. Is u a composite number?
False
Let r(f) = 2*f**3 + 185*f**2 - 77*f + 53. Is r(57) composite?
True
Let w(m) = 290*m**2 + 64*m + 3. Is w(11) prime?
True
Let f(t) = -239*t**3 + 24*t**2 - 9*t - 189. Is f(-11) a prime number?
True
Let n(v) = v**3 + 53*v**2 - 14*v - 53. Let x be -1 + 5 - (-76 + 102). Is n(x) a prime number?
True
Suppose 5 = 6*d - 13. Suppose -d*l - 3*m + 14565 = 0, -4*l = -3*m - 226 - 19194. Is l composite?
True
Suppose 2*c - 5*c = -9. Let w be (1/2)/(c/16332). Is w/((-8)/(-4)) - 0 prime?
True
Suppose -4*o - 2*q + 341632 = 0, -14*o = -15*o + 4*q + 85435. Is o a composite number?
False
Let p(v) = 6750*v**2 + 187*v + 1125. Is p(-6) composite?
True
Is -2*1*392824/(-16)*-1*-1 prime?
True
Let b = 1683 - 2864. Let c = 1550 - b. Is c prime?
True
Suppose 3972270 = 211*s - 6185903. Is s a composite number?
True
Suppose -1530 = -4*z - b + 3*b, -z + 385 = -b. Suppose 10*l = 14*l - z. Is l prime?
False
Let s be (-2 + (-1733)/2)*164/(-123). Suppose 2*g - 1840 - s = 0. Is g composite?
False
Let f(s) = 8*s**2 - 7*s - 8. Let b(n) = -n**3 - 6*n**2 + 7*n + 7. Let v(p) = -7*b(p) - 6*f(p). Is v(9) composite?
True
Suppose 21 = -0*c + c. Let a = -4320 + 4380. Suppose 5*f - 3*o = 161 + c, -2*f + a = 2*o. Is f a prime number?
False
Suppose 2*u + g - 21 = 0, -4*u + g - 10 + 37 = 0. Suppose 0 = u*a - 25 - 143. Is a prime?
False
Let b(f) = 12*f**2 + 6*f - 6. Let v be b(-4). Let t(i) = -41 - 41 + 79 + v*i**3. Is t(2) composite?
True
Suppose 10*q - 20 = 6*q. Suppose -6*n - 33900 = -5*d - 11*n, -q*n = -4*d + 27111. Is d a composite number?
False
Let x(g) be the third derivative of -5*g**4/4 - g**3/3 - g**2. Let c be -2*(2 - -2 - 3). Is x(c) prime?
False
Let u be 48330/50 + (-6)/10. Is -11 + 7 + 10*u/4 a composite number?
False
Let n = 75 - 58. Suppose 3905 = -12*b + n*b. Is b composite?
True
Suppose 6*y + 2*p = 10*y - 258360, -129182 = -2*y + 2*p. Is y a prime number?
False
Suppose h = -11*n + 8*n + 439231, 7*n - 28 = 0. Is h a prime number?
False
Suppose 9*m + 9 = 18. Let a be m/(2/(-10) + 24/60). Suppose 5*c - 2051 = 3*z, a*c = z + 700 + 1347. Is c prime?
True
Let h(a) = -2*a + 16. Let c be h(6). Suppose 0 = t - c*t + 39. Is t/(78/24)*2194/8 a composite number?
False
Let o(t) = -17*t**2 + 6*t + 9. Let l be o(-3). Let a = 949 + l. Is a composite?
False
Let l = 588 + -295. Let d = 3544 - l. Is d prime?
True
Let b(g) = 4*g. Let o be b(-1). Let w = o + 3. Is (-1143)/(-2)*(8/(-12))/w a composite number?
True
Let n = 198 - 168. Suppose -n*c + 15*c + 181005 = 0. Is c prime?
False
Suppose 30*n - 149903 = 10417. Let w = -3 - -7. Suppose 2*j = w*q - 0*j - n, 0 = 5*j - 10. Is q composite?
True
Let k = -190 - -130. Let q = -46 - k. Is (q - 13)/((-2)/(-158)) a prime number?
True
Let g(r) = -4*r - 12. Let n be g(9). Let d = n + 103. Is (-44)/d - 23098/(-10) a prime number?
True
Suppose 4*x - 4902 = -3*r, 7*x - 5*r - 4886 = 3*x. Suppose -4*g - 2*y + x = 0, -73 = -2*g + 2*y + 545. Is g composite?
False
Suppose 481583 = -31*u + 32*u + 4*a, 5*u = -3*a + 2407864. Is u a composite number?
False
Suppose u - 167 = 4*m, -u + 3*m = u - 359. Suppose 13*q - 14*q = -u. Is q a prime number?
False
Let r = -208 - -198. Is ((-12)/r)/((-38)/(-36385)) a composite number?
True
Let t(g) = -622*g**3 + 6*g**2 + 7*g + 14. Let o be t(-5). Suppose -18*x - 29*x + o = 0. Is x composite?
False
Let m(j) = -j**2 + 31*j + 16105. Let h be m(0). Suppose 95*i = 100*i - h. Is i a prime number?
True
Suppose -11*g = -9*g - 4, -3*j + 5*g = 10. Suppose 3*v + 707 = 2*w, 6*v + 2*w = v - 1205. Is v*(j - -1)*-1 a prime number?
True
Suppose 5*r - 168 = -t, -4*t = -3*t + 4*r - 173. Let a = 8384 - t. Is a a composite number?
False
Let w be (-204)/30 + 6 - (-128179)/5. Let a = 37292 - w. Is a composite?
False
Suppose 9 = 5*o - 6, f = o - 3. Suppose -2*s = 10, f = -3*r - 11*s + 9*s + 2345. Is r prime?
False
Suppose 619*s - 5*p = 624*s - 39935, 4*s - 31978 = p. Is s a composite number?
False
Let o = -62308 + 108125. Is o composite?
False
Let w be 30/(-9)*(2 + 1). Let r(j) = 4*j**2 - 12*j**2 + 7*j**2 - 18*j - 13. Is r(w) a composite number?
False
Suppose 0 = 3*t - r - 634417, -44543 = t + 5*r - 255994. Is t prime?
False
Suppose 2*r - 76687 = -g, -5*g = 2*r - 150964 - 232487. Is g composite?
True
Let n = 7777 - 2259. Let w = 9909 - n. Is w a composite number?
False
Suppose 0 = 6*y - 4*y - 4*v - 42144, -63232 = -3*y + 2*v. Is y - 0 - (-6 - 3) a composite number?
False
Suppose -36 = -22*k + 74. Suppose 4*o = k*o - 557. Is o composite?
False
Is (((-3045)/30)/(-29))/((-14)/(-8)) - -27939 a composite number?
False
Let p(k) = 17*k**2 - 21*k - 13. Let w be p(-12). Let y = 6478 - w. Is y composite?
True
Let n(z) = 1056*z + 61. Let u = 26 + -22. Is n(u) a composite number?
True
Suppose 15*v - 745 = 5870. Suppose -2*g = v - 1751. Is g a prime number?
False
Let a(h) = -h**2 + 7*h - 1. Let u be a(5). Suppose -u*z + 34 = -47. Suppose 1347 = s - z*d + 7*d, d = -3*s + 4076. Is s prime?
False
Let f(l) = -115*l**3 - 6*l**2 + 15*l + 15. Let a be f(-6). Suppo